{"id":1091,"date":"2022-11-11T12:40:19","date_gmt":"2022-11-11T12:40:19","guid":{"rendered":"https:\/\/gransimenuts.org\/?page_id=1091"},"modified":"2024-10-21T15:18:59","modified_gmt":"2024-10-21T15:18:59","slug":"portal-de-transparencia","status":"publish","type":"page","link":"https:\/\/gransimenuts.org\/val\/portal-de-transparencia\/","title":{"rendered":"Portal de transparencia"},"content":{"rendered":"<p><img decoding=\"async\" loading=\"lazy\" class=\"aligncenter\" src=\"https:\/\/gransimenuts.org\/wp-content\/uploads\/2022\/11\/19.-Contacto-1-1024x461.jpg\" sizes=\"(max-width: 800px) 100vw, 800px\" srcset=\"https:\/\/gransimenuts.org\/wp-content\/uploads\/2022\/11\/19.-Contacto-1-1024x461.jpg 1024w, https:\/\/gransimenuts.org\/wp-content\/uploads\/2022\/11\/19.-Contacto-1-300x135.jpg 300w, https:\/\/gransimenuts.org\/wp-content\/uploads\/2022\/11\/19.-Contacto-1-768x345.jpg 768w, https:\/\/gransimenuts.org\/wp-content\/uploads\/2022\/11\/19.-Contacto-1-1536x691.jpg 1536w, https:\/\/gransimenuts.org\/wp-content\/uploads\/2022\/11\/19.-Contacto-1-2048x921.jpg 2048w, https:\/\/gransimenuts.org\/wp-content\/uploads\/2022\/11\/19.-Contacto-1-24x11.jpg 24w, https:\/\/gransimenuts.org\/wp-content\/uploads\/2022\/11\/19.-Contacto-1-36x16.jpg 36w, https:\/\/gransimenuts.org\/wp-content\/uploads\/2022\/11\/19.-Contacto-1-48x22.jpg 48w\" alt=\"\" width=\"800\" height=\"360\" \/><\/p>\n<p class=\" translation-block\">Les societats Cooperatives, com a part del sector de l'Economia Social, es regeixen per principis de transpar\u00e8ncia i de gesti\u00f3 democr\u00e0tica. Mitjan\u00e7ant aquest Portal de Transpar\u00e8ncia pretenem facilitar l'acc\u00e9s\na la informaci\u00f3 de la <strong>Cooperativa de treball associat d'ensenyament la Plana Coop. Val.<\/strong>, la seva activitat, l'objecte i dest\u00ed dels fons p\u00fablics rebuts i altres temes que puguen revestir inter\u00e8s p\u00fablic.<\/p>\n<p>Cooperativa d'Ensenyament La Plana Coop Val, titular del Col\u00b7legi Concertat Grans i Menuts, \u00e9s una cooperativa de treballadors. La Cooperativa va n\u00e0ixer en 1976. La seu est\u00e0 a Castell\u00f3, en C\/ Quadra la Torta n\u00fam. 4.<\/p>\n<p>&nbsp;<\/p>\n<h2>ESTATUTOS DE LA COOPERATIVA<\/h2>\n<h4><a href=\"https:\/\/gransimenuts.org\/wp-content\/uploads\/2022\/10\/ESTATUTOS-2003.pdf\" target=\"_blank\" rel=\"noopener\"><br \/>\nEstatutos cooperativa (a\u00f1o 2003)<\/a><\/h4>\n<h4><a href=\"https:\/\/gransimenuts.org\/wp-content\/uploads\/2022\/10\/MODIFICACION-ESTATUTOS-2011.pdf\" target=\"_blank\" rel=\"noopener\"><br \/>\nModificaci\u00f3n statutos cooperativa (a\u00f1o 2011)<\/a><\/h4>\n<h4><a href=\"https:\/\/gransimenuts.org\/wp-content\/uploads\/2022\/10\/REGLAMENTO-REGIMEN-INTERNO.pdf\" target=\"_blank\" rel=\"noopener\"><br \/>\nReglamento de r\u00e9gimen interno<\/a><\/h4>\n<p>&nbsp;<\/p>\n<h2>ASPECTOS ECON\u00d3MICOS<\/h2>\n<h4><a href=\"https:\/\/gransimenuts.org\/wp-content\/uploads\/2022\/10\/CUENTAS-ANUALES-2020-FIRMADAS-CONSEJO-RECTOR..pdf\" target=\"_blank\" rel=\"noopener\"><br \/>\nCuentas anuales<\/a><\/h4>\n<p>&nbsp;<\/p>\n<h2>DOCUMENTOS CONCIERTO EDUCATIVO<\/h2>\n<h4><a href=\"https:\/\/gransimenuts.org\/wp-content\/uploads\/2022\/10\/Adenda-1.A-1.pdf\" target=\"_blank\" rel=\"noopener\"><br \/>\nAdenda 1.<\/a><\/h4>\n<h4><a href=\"https:\/\/gransimenuts.org\/wp-content\/uploads\/2022\/10\/Adenda-1.B.pdf\" target=\"_blank\" rel=\"noopener\"><br \/>\nAdenda 1.B<\/a><\/h4>\n<h4><a href=\"https:\/\/gransimenuts.org\/wp-content\/uploads\/2022\/10\/FIRMA-CONCIERTO-2019.-EDUCACION-PRIMARIA-Y-AULA-DE-APOYO-A-LA-INTEGRACION-DE-INFANTIL-Y-PRIMARIA..pdf\" target=\"_blank\" rel=\"noopener\"><br \/>\nFirma concierto 2019. Educaci\u00f3n primaria y aula de apoyo a la integraci\u00f3n de infantil y primaria.<\/a><\/h4>\n<h4><a href=\"https:\/\/gransimenuts.org\/wp-content\/uploads\/2022\/10\/FIRMA-CONCIERTO-2021.-ESO-EDUC.-ESP.-INFANTIL-Y-AULA-DE-APOYO-A-LA-INTEGRACION-DE-ESO..pdf\" target=\"_blank\" rel=\"noopener\"><br \/>\nFirma concierto 2021. ESO, EDUC. ESP., Infantil y aula de apoyo a la integraci\u00f3n de ESO.<\/a><\/h4>\n<h4><a href=\"https:\/\/gransimenuts.org\/wp-content\/uploads\/2022\/10\/FIRMA-CONCIERTO-AULA-DE-INTEGRACION-ESO.-22-23..pdf\" target=\"_blank\" rel=\"noopener\"><br \/>\nFirma concierto aula de integraci\u00f3n ESO 2022-2023.<\/a><\/h4>\n<p>&nbsp;<\/p>\n<h4><a href=\"https:\/\/gransimenuts.org\/wp-content\/uploads\/2024\/10\/Balance-de-situacion-22-23.pdf\">Balance de situaci\u00f3n 22 23<\/a><\/h4>\n<p>&nbsp;<\/p>\n<h4><a href=\"https:\/\/gransimenuts.org\/wp-content\/uploads\/2024\/10\/pyg-22-23.pdf\">pyg 22 2234<\/a><\/h4>\n<p>&nbsp;<\/p>\n<h4><a href=\"https:\/\/gransimenuts.org\/wp-content\/uploads\/2024\/10\/cuentas-anuales-firmadas.pdf\">cuentas anuales firmadas<\/a><\/h4>\n<p>&nbsp;<\/p>\n<h4 style=\"text-align: left;\"><a href=\"https:\/\/gransimenuts.org\/wp-content\/uploads\/2024\/10\/FIRMA-CONCIERTO-AULA-INTEGRACION-ESO.pdf\">FIRMA CONCIERTO AULA INTEGRACI\u00d3N ESO.<\/a><\/h4>\n<h4><\/h4>\n<h4><\/h4>","protected":false},"excerpt":{"rendered":"<p>Las sociedades Cooperativas, como parte del sector de la Econom\u00eda Social, se rigen por principios de transparencia y de gesti\u00f3n democr\u00e1tica. Mediante este Portal de Transparencia pretendemos facilitar el acceso a la informaci\u00f3n de la Cooperativa de trabajo asociado de ense\u00f1anza la Plana Coop. Val., su actividad, el objeto y destino de los fondos p\u00fablicos [&hellip;]<\/p>","protected":false},"author":1,"featured_media":0,"parent":0,"menu_order":0,"comment_status":"closed","ping_status":"closed","template":"","meta":[],"_links":{"self":[{"href":"https:\/\/gransimenuts.org\/val\/wp-json\/wp\/v2\/pages\/1091"}],"collection":[{"href":"https:\/\/gransimenuts.org\/val\/wp-json\/wp\/v2\/pages"}],"about":[{"href":"https:\/\/gransimenuts.org\/val\/wp-json\/wp\/v2\/types\/page"}],"author":[{"embeddable":true,"href":"https:\/\/gransimenuts.org\/val\/wp-json\/wp\/v2\/users\/1"}],"replies":[{"embeddable":true,"href":"https:\/\/gransimenuts.org\/val\/wp-json\/wp\/v2\/comments?post=1091"}],"version-history":[{"count":109,"href":"https:\/\/gransimenuts.org\/val\/wp-json\/wp\/v2\/pages\/1091\/revisions"}],"predecessor-version":[{"id":3895,"href":"https:\/\/gransimenuts.org\/val\/wp-json\/wp\/v2\/pages\/1091\/revisions\/3895"}],"wp:attachment":[{"href":"https:\/\/gransimenuts.org\/val\/wp-json\/wp\/v2\/media?parent=1091"}],"curies":[{"name":"wp","href":"https:\/\/api.w.org\/{rel}","templated":true}]}}

<p><img decoding="async" loading="lazy" class="aligncenter" src="https://gransimenuts.org/wp-content/uploads/2022/11/19.-Contacto-1-1024x461.jpg" sizes="(max-width: 800px) 100vw, 800px" srcset="https://gransimenuts.org/wp-content/uploads/2022/11/19.-Contacto-1-1024x461.jpg 1024w, https://gransimenuts.org/wp-content/uploads/2022/11/19.-Contacto-1-300x135.jpg 300w, https://gransimenuts.org/wp-content/uploads/2022/11/19.-Contacto-1-768x345.jpg 768w, https://gransimenuts.org/wp-content/uploads/2022/11/19.-Contacto-1-1536x691.jpg 1536w, https://gransimenuts.org/wp-content/uploads/2022/11/19.-Contacto-1-2048x921.jpg 2048w, https://gransimenuts.org/wp-content/uploads/2022/11/19.-Contacto-1-24x11.jpg 24w, https://gransimenuts.org/wp-content/uploads/2022/11/19.-Contacto-1-36x16.jpg 36w, https://gransimenuts.org/wp-content/uploads/2022/11/19.-Contacto-1-48x22.jpg 48w" alt="" width="800" height="360" /></p>
<p class=" translation-block">Les societats Cooperatives, com a part del sector de l'Economia Social, es regeixen per principis de transparència i de gestió democràtica. Mitjançant aquest Portal de Transparència pretenem facilitar l'accés
a la informació de la <strong>Cooperativa de treball associat d'ensenyament la Plana Coop. Val.</strong>, la seva activitat, l'objecte i destí dels fons públics rebuts i altres temes que puguen revestir interès públic.</p>
<p>Cooperativa d'Ensenyament La Plana Coop Val, titular del Col·legi Concertat Grans i Menuts, és una cooperativa de treballadors. La Cooperativa va nàixer en 1976. La seu està a Castelló, en C/ Quadra la Torta núm. 4.</p>
<p>&nbsp;</p>
<h2>ESTATUTOS DE LA COOPERATIVA</h2>
<h4><a href="https://gransimenuts.org/wp-content/uploads/2022/10/ESTATUTOS-2003.pdf" target="_blank" rel="noopener"><br />
Estatutos cooperativa (año 2003)</a></h4>
<h4><a href="https://gransimenuts.org/wp-content/uploads/2022/10/MODIFICACION-ESTATUTOS-2011.pdf" target="_blank" rel="noopener"><br />
Modificación statutos cooperativa (año 2011)</a></h4>
<h4><a href="https://gransimenuts.org/wp-content/uploads/2022/10/REGLAMENTO-REGIMEN-INTERNO.pdf" target="_blank" rel="noopener"><br />
Reglamento de régimen interno</a></h4>
<p>&nbsp;</p>
<h2>ASPECTOS ECONÓMICOS</h2>
<h4><a href="https://gransimenuts.org/wp-content/uploads/2022/10/CUENTAS-ANUALES-2020-FIRMADAS-CONSEJO-RECTOR..pdf" target="_blank" rel="noopener"><br />
Cuentas anuales</a></h4>
<p>&nbsp;</p>
<h2>DOCUMENTOS CONCIERTO EDUCATIVO</h2>
<h4><a href="https://gransimenuts.org/wp-content/uploads/2022/10/Adenda-1.A-1.pdf" target="_blank" rel="noopener"><br />
Adenda 1.</a></h4>
<h4><a href="https://gransimenuts.org/wp-content/uploads/2022/10/Adenda-1.B.pdf" target="_blank" rel="noopener"><br />
Adenda 1.B</a></h4>
<h4><a href="https://gransimenuts.org/wp-content/uploads/2022/10/FIRMA-CONCIERTO-2019.-EDUCACION-PRIMARIA-Y-AULA-DE-APOYO-A-LA-INTEGRACION-DE-INFANTIL-Y-PRIMARIA..pdf" target="_blank" rel="noopener"><br />
Firma concierto 2019. Educación primaria y aula de apoyo a la integración de infantil y primaria.</a></h4>
<h4><a href="https://gransimenuts.org/wp-content/uploads/2022/10/FIRMA-CONCIERTO-2021.-ESO-EDUC.-ESP.-INFANTIL-Y-AULA-DE-APOYO-A-LA-INTEGRACION-DE-ESO..pdf" target="_blank" rel="noopener"><br />
Firma concierto 2021. ESO, EDUC. ESP., Infantil y aula de apoyo a la integración de ESO.</a></h4>
<h4><a href="https://gransimenuts.org/wp-content/uploads/2022/10/FIRMA-CONCIERTO-AULA-DE-INTEGRACION-ESO.-22-23..pdf" target="_blank" rel="noopener"><br />
Firma concierto aula de integración ESO 2022-2023.</a></h4>
<p>&nbsp;</p>
<h4><a href="https://gransimenuts.org/wp-content/uploads/2024/10/Balance-de-situacion-22-23.pdf">Balance de situación 22 23</a></h4>
<p>&nbsp;</p>
<h4><a href="https://gransimenuts.org/wp-content/uploads/2024/10/pyg-22-23.pdf">pyg 22 2234</a></h4>
<p>&nbsp;</p>
<h4><a href="https://gransimenuts.org/wp-content/uploads/2024/10/cuentas-anuales-firmadas.pdf">cuentas anuales firmadas</a></h4>
<p>&nbsp;</p>
<h4 style="text-align: left;"><a href="https://gransimenuts.org/wp-content/uploads/2024/10/FIRMA-CONCIERTO-AULA-INTEGRACION-ESO.pdf">FIRMA CONCIERTO AULA INTEGRACIÓN ESO.</a></h4>
<h4></h4>
<h4></h4>

<p>Las sociedades Cooperativas, como parte del sector de la Economía Social, se rigen por principios de transparencia y de gestión democrática. Mediante este Portal de Transparencia pretendemos facilitar el acceso a la información de la Cooperativa de trabajo asociado de enseñanza la Plana Coop. Val., su actividad, el objeto y destino de los fondos públicos [&hellip;]</p>
